divisor of 1962 and g.
18
Let g = -225 + 111. Let z = -72 - g. What is the highest common factor of 6 and z?
6
Suppose 950 = 61*w - 23*w. Calculate the greatest common divisor of 2025 and w.
25
Let r = 25506 - -1393. What is the highest common factor of r and 37?
37
Suppose -5*p + o = -303, -2*p + 48 = -p + 4*o. Let b = 53502 + -53412. What is the greatest common divisor of p and b?
30
Let z be -42*(45/(-10))/(105/80). Let s(j) = -2*j + 0*j + 3 - 4*j**2 + j**3 + 3*j - 3*j. Let d be s(5). Calculate the highest common divisor of d and z.
18
Let t be 13 + -3*(-2398)/33. Let f(s) = 2*s**2 - 3*s + 1. Let g be f(4). Calculate the highest common divisor of g and t.
21
Let w(r) = 48*r - 1338. Let y be w(28). Calculate the greatest common divisor of y and 642.
6
Let a(k) = 291*k**2 - 16*k - 15. Let o be a(-1). Calculate the greatest common factor of o and 25988.
292
Let r = 14 + -21. Let m be -1 + -1 - 17*r. Let g(q) = -q**3 - q**2 - 2*q - 11. Let p be g(-3). What is the greatest common factor of p and m?
13
Let r be 45/(-72)*4*(-48)/5. Let f(d) = 7*d - 149. Let m be f(r). What is the highest common factor of 247 and m?
19
Let u be (-34)/51 + 112/6. Let w be 520/55 + u/33. Calculate the greatest common factor of 110 and w.
10
Suppose -42 = 21*z - 24*z. Suppose -z = w - 42. Calculate the greatest common factor of w and 70.
14
Let l = -4595 + 4602. What is the greatest common divisor of l and 917?
7
Let o(v) = 7*v**2 - 132*v + 1192. Let h be o(10). Calculate the greatest common divisor of h and 3250.
26
Suppose -20*j = -17*j - 45. Let z be (-1)/(-12)*-2 + 444/72. Calculate the highest common factor of z and j.
3
Let k = 34 + -28. Suppose 182 - 92 = k*q. Calculate the greatest common factor of 25 and q.
5
Let h = 490 + -238. What is the greatest common divisor of 60 and h?
12
Suppose -37 - 18 = 5*j. Let v(z) = z**2 + 10*z + 14. Let m be v(j). What is the highest common factor of 800 and m?
25
Suppose -5*l - y + 88 = -124, -l + 3*y = -36. Calculate the highest common factor of 3150 and l.
42
Let b be ((-2 + 2)/(-1))/(-2). Let f be 542 + -7 + (b + 0 - -1). Let u = f + -374. What is the highest common factor of 18 and u?
18
Let s(u) = 185*u**2 + 2*u + 1. Let g be s(1). What is the greatest common divisor of g and 1833?
47
Suppose -18 = 3*r, 13*r - 94 = -4*u + 10*r. Suppose 0 = 3*t + s - 1 - 13, 4*s - 4 = t. Calculate the greatest common divisor of u and t.
4
Suppose -14*z - 7*z - 20*z = -11685. Calculate the greatest common factor of z and 513.
57
Suppose 4*z = -5*x + 208 + 169, z - x - 83 = 0. Calculate the highest common factor of 242 and z.
22
Suppose 4*z - 2112 = -5*b, 48*z + 414 = b + 46*z. Calculate the greatest common divisor of b and 476.
28
Let c(k) = k**2 + 40. Let t be c(0). Suppose -16*p + 2404 = 388. Suppose p*q - 2100 = 111*q. What is the greatest common divisor of q and t?
20
Let y be (13 - 91)/6 + 45. Let a = 15 - -4. Let c = 35 - a. Calculate the highest common factor of c and y.
16
Let z = -143 - -145. Let y(q) be the first derivative of 7*q**4/4 - q**3/3 + q**2/2 + q - 1. Let h be y(z). What is the greatest common factor of 11 and h?
11
Suppose 99 = 3*j + 6*j. Suppose -j*n - 16*n + 4617 = 0. Calculate the greatest common divisor of 18 and n.
9
Let u(m) = -14*m**2 - 175*m - 32. Let h be u(-12). What is the greatest common divisor of h and 2951?
13
Suppose 907 = -r + 4747. Suppose -12*x = 12*x - r. Calculate the highest common factor of x and 5.
5
Let k = 1985 - 1159. Calculate the highest common factor of k and 118.
118
Let y be (-6)/15 - (-153)/45. Suppose 202*q + y = 205*q. What is the greatest common divisor of 11 and q?
1
Suppose 0 = -3*p, 9*c = 5*c + 5*p + 1892. What is the highest common factor of c and 215?
43
Let c(r) = -r - 2. Let s(k) = 2*k + 26. Let m(y) = -6*c(y) - s(y). Let g be m(4). Suppose -144 = -g*f - 6*f. What is the greatest common factor of 144 and f?
18
Let o = 6598 + -6556. What is the greatest common divisor of o and 2800?
14
Suppose 7*m - 5*k + 45 = 12*m, -23 = -3*m - 5*k. Suppose 597 = 3*x + i, 0 = -3*x + 3*i + 397 + 188. Calculate the highest common divisor of x and m.
11
Let v = -35 - -67. Let n(q) = q**3 + 3*q**2 + q + 2. Suppose l - 5*a = 13, 5 = 2*l - 3*a - 0*a. Let z be n(l). What is the greatest common divisor of v and z?
4
Suppose 332 + 613 = 35*a. Let n(m) = -72*m. Let d be n(-1). What is the highest common divisor of d and a?
9
Suppose 2*q = -5*z + 318 - 32, 479 = 3*q - 5*z. Let c = 44157 + -44106. Calculate the highest common divisor of c and q.
51
Suppose y - 31 = 7*j - 3*j, 4*j - 3*y + 37 = 0. Let t(s) = s**3 + 7*s**2 - 10*s + 6. Let o be t(j). What is the greatest common divisor of o and 57?
19
Suppose -4*w + 167 = -643 + 126. Let u(c) = -24*c + 4. Let q be u(-3). Calculate the highest common factor of q and w.
19
Let a(o) = 54*o + 6. Let b(d) = -d**2 - 12*d - 16. Let n be b(-11). Let j be a(n). Let p = j + 407. Calculate the highest common divisor of p and 13.
13
Suppose -f + 416 = -5*k, -2*f + 7*f - 2036 = 3*k. Let r = f + -287. Suppose 0 = -43*j + 474 + 257. Calculate the highest common factor of j and r.
17
Let q = 17 - 5. Let x be 360 - 0 - -10*108/90. What is the highest common divisor of q and x?
12
Let y(t) = 9*t**2 + 6*t - 2. Let u be y(-2). Suppose -u*s - 288 = -34*s. What is the highest common divisor of 42 and s?
6
Let u(j) be the third derivative of -7*j**4/12 - 59*j**3/2 + 53*j**2. Let v be u(-16). Calculate the greatest common divisor of 1363 and v.
47
Let j(t) = -t - 15. Let w be j(-15). Suppose -6*i + 5*r = -i + 5, w = -3*r. Let z be 2 - (i - (-8)/2)*-30. Calculate the greatest common divisor of z and 23.
23
Let p = 2547 - 4609. Let d be p/(-14) - (1 + (-40)/56). Calculate the highest common factor of 21 and d.
21
Let o be (7368/(-36))/((-1)/(18/4)). Suppose 24*n = -4*t + 23*n + o, 5*n + 1170 = 5*t. What is the greatest common factor of t and 84?
21
Let j = -181 + 193. Let y = j - 2. Calculate the greatest common factor of 10 and y.
10
Suppose 3*l - 74 - 70 = 0. Let a be 79/(1 + (-5)/10). Suppose 8*f - a = -110. Calculate the greatest common factor of l and f.
6
Let l = -8696 - -8750. What is the greatest common factor of l and 2832?
6
Suppose -8*v = 5*v - 1365. Suppose -v*g = -100*g - 3565. Calculate the highest common factor of g and 23.
23
Let u(z) = 4*z**3 - 16*z**2 + 10*z - 94. Let i be u(5). Let l be (2/5 - 0)*40. Calculate the greatest common divisor of l and i.
8
Let n(f) = 0 - 19*f - 12 + 15 + 6*f**2. Let b be n(6). What is the highest common divisor of 63 and b?
21
Suppose -3*i + 1861 = 178. Suppose 4*x = x + i. Calculate the highest common factor of x and 33.
11
Let v = -66 - -69. Suppose -v*c = -5*p + 181, 3*p - 13*c - 107 = -12*c. What is the greatest common divisor of 5 and p?
5
Let a be (0 - (5 - -5))/((-10)/(-3270)*-1). What is the highest common divisor of 872 and a?
218
Let n(f) = -f**3 - 15*f**2 - 29*f - 13. Let r be n(-13). Let o = 22 - -17. Calculate the highest common divisor of r and o.
13
Let z(o) = 5*o**2 - 1. Let g be z(-1). Let f = -1582 - -2272. Let d = f + -666. What is the greatest common divisor of d and g?
4
Let d be 15/(75/8)*(-1245)/(-6). Suppose d + 397 = 3*y. What is the highest common divisor of 27 and y?
27
Let v(l) = 157*l - 1409. Let j be v(9). Let p(q) = -q**3 + q**2 + 3. Suppose -n - 3*n = 0. Let k be p(n). What is the greatest common factor of j and k?
1
Let l be (2 + 7 - 129)*(4 - 5). Calculate the greatest common factor of l and 8560.
40
Let k be (-2)/(-4)*13/((-52)/(-80)). Calculate the highest common divisor of 5 and k.
5
Let l = 268 - 248. Suppose 3*p = 13 - 4. Let v(c) = 17*c**2 + 2*c + 1. Let s be v(p). What is the highest common divisor of l and s?
20
Suppose -4*w = 12, -p + 15 = -0*p - 2*w. Let i be (-2)/7 + 296/7 - 3*2. What is the greatest common factor of p and i?
9
Let t = 1501 - 647. Calculate the greatest common factor of t and 14.
14
Suppose 0 = 54*l - 117*l + 62*l + 372. Calculate the highest common divisor of l and 132.
12
Let s(g) = g**2 - 198*g + 4935. Let n be s(170). What is the highest common divisor of 1085 and n?
35
Suppose 0 = 3*d - 4*t - 12877 - 1788, 0 = 2*d + 5*t - 9769. Calculate the greatest common factor of 1267 and d.
181
Let f be (-1105)/170 + (-69)/(-2). Calculate the highest common divisor of f and 197